 + 95 = 4*q - 5*a, 3*a + 6 = 0. Let x = 13 + q. What are the prime factors of x?
2, 3, 5
Let g(k) = -2*k - 17. Let j be g(-8). Let r be 74 + 11 + j + -1. What are the prime factors of r + (5 - 3 - 1)?
2, 3, 7
Let q(c) = 3*c**2 - 20*c - 42. Let f be q(-5). Suppose 250 = 3*p + f. List the prime factors of p.
3, 13
Let c(g) = -2*g**2 - 2*g + 63. Let z = -78 - -78. Let o be c(z). What are the prime factors of 3/((-3)/(-202)) + o/21?
5, 41
Let y = -480 - -291. Let t = -59 - -60. List the prime factors of (t/3)/((-7)/y).
3
Suppose -29*t - 13 - 84 = 19. Let v(o) be the third derivative of o**5/12 + 5*o**4/8 + 2*o**3/3 + o**2. List the prime factors of v(t).
2, 3
Let j be 78/(-52)*8/(-6). Suppose -3*v + 3*d - 2*d + 276 = 0, -3*v + 279 = -j*d. What are the prime factors of v?
7, 13
Suppose -3*t = 5*a - 45, 0*a - 52 = -4*t - 4*a. List the prime factors of (t + 2)/(18/4440*5).
2, 37
Suppose -g - g + 5*g = 0. Suppose 5*j + 935 = 5*k, 5*k + g*j + j - 917 = 0. Suppose -k = -7*a - a. List the prime factors of a.
23
Let k(r) = -12950*r**3 + 2*r + 5. List the prime factors of k(-1).
12953
What are the prime factors of 710262/105 + (-3)/((-75)/(-10))?
2, 19, 89
Let l(a) = a**2 + 9*a - 7. Let m(d) = -12*d**2 - d - 1. Let j be m(1). Let n be l(j). Suppose 0 = h + h - 2, -s + 2*h = -n. What are the prime factors of s?
5, 13
Let p(x) = x**3 - 7*x**2 + x - 17. Let o be p(8). Let d = -53 + o. Suppose 5*q - 655 = -5*a, -3*q + 288 = d*a + 30. What are the prime factors of a?
3, 5
Let f(s) = -s**3 + s**2 + s - 70. Let y be f(0). Suppose -156 = -5*r - 746. Let g = y - r. List the prime factors of g.
2, 3
Let p(y) = -y**2 + 8*y + 25. Let f be p(9). Suppose -z + 27 - f = 0. What are the prime factors of z?
11
Suppose x - 1 + 0 = 0. Let o be x/((-15)/84)*190/4. Let y = 378 + o. What are the prime factors of y?
2, 7
Let o(x) = -4*x - 34. Let z be o(-9). Let v be 43 + (0 - 0) + z. Suppose v = 4*k - 63. What are the prime factors of k?
3
Let k = 3302 - 2012. What are the prime factors of k?
2, 3, 5, 43
Let l(r) = -128*r - 5. Suppose -4 = -4*k - 12. Let o be l(k). Suppose -9*v + 10*v = o. What are the prime factors of v?
251
Suppose -80 = 5*v + 15. Let z(u) be the second derivative of -u**4/12 - 4*u**3 - 12*u**2 - 2*u. What are the prime factors of z(v)?
71
Suppose 4*u - 8 = 0, -5*t - 4*u = -6852 - 10876. What are the prime factors of t?
2, 443
Suppose 2*v = -f - 4, -v + 5*f = -4*v - 20. Suppose 2*x - 2*z - 1464 = v, -2*z = -3*x - 1398 + 3598. What are the prime factors of x?
2, 23
Let u(i) = 85721*i**2 - 57*i + 2. What are the prime factors of u(1)?
2, 7, 29, 211
Let h = -12 + 19. Suppose h*d - 288 = 3*d. Suppose -3*k = -d - 15. List the prime factors of k.
29
List the prime factors of 17837393/987 + (-5)/(-3) + 1.
3, 5, 241
Let h = -6856 + 18109. List the prime factors of h.
3, 11, 31
Let b be 111/(-18) - 9/(-54). Let r be -1*(-722)/b + 58/(-87). Let a = r + 200. What are the prime factors of a?
79
Suppose -1181 = 13*l - 8942. Let x = l - 296. What are the prime factors of x?
7, 43
Let m(x) = -x**3 - 28*x**2 - 36*x - 63. What are the prime factors of m(-44)?
32497
Suppose 7*n = 8*n. Suppose 0 = 4*h, -4*t - 5*h + 0*h - 108 = n. What are the prime factors of ((-26)/6)/(1/t)?
3, 13
Suppose -9*o = -26 - 1. Suppose -x + o*b + 142 = -1493, -x - b = -1627. What are the prime factors of x?
3, 181
Let j(w) = 7*w**3 - 16*w**2 + 30*w - 18. Let y be j(15). List the prime factors of -1*y/(-57) - 4/(-38).
359
Let u(i) = 2*i**2 + 3*i - 4. Let t be 5*-1 + (-4)/(-4). Let a be u(t). Let m = -14 + a. What are the prime factors of m?
2
What are the prime factors of (-12)/(-4)*16382/6?
8191
Let p(b) = b**2 - 17*b + 1127. Let x be p(0). Suppose 12*g = x + 1429. What are the prime factors of g?
3, 71
Let u(h) = 34*h - 90. Let a = 224 + -211. What are the prime factors of u(a)?
2, 11
Let i(y) = y**3 + 21*y**2 - 57*y - 121. What are the prime factors of i(-21)?
2, 269
Let t = 26876 - 17025. List the prime factors of t.
9851
Let h(i) = 3*i - 5. Let t be h(-6). Let d(r) = 23*r**2 - 1589*r + 17 - 2*r**3 + 1586*r + 3*r**3. What are the prime factors of d(t)?
2, 43
Let o = -69975 + 130089. What are the prime factors of o?
2, 3, 43, 233
Suppose -13*g + 1546 + 3303 = 0. Suppose -10*t + 1333 = g. What are the prime factors of t?
2, 3
Let a = 1628 + 169. Suppose -a + 4982 = 5*u. What are the prime factors of -1 + u/14 - (-2)/(-4)?
2, 11
Let f(d) = d**2 + 4*d + 21. Let r be f(-3). Let k = r - 18. Suppose -5*v = b + 2 - 136, k = -2*b + 3*v + 229. List the prime factors of b.
7, 17
Let q be (-2)/((72/42)/3)*-6. Suppose -5*f - 14016 = -q*f. List the prime factors of f.
2, 3, 73
Let h(c) = 10*c - 6. Let l be h(5). Let f = -356 + 359. List the prime factors of 77/l*(-3)/(f/(-40)).
2, 5, 7
Let x(m) = 400*m + 13. Let i be 6*-7*4/(-84). List the prime factors of x(i).
3, 271
Let l be (-7)/((-35)/295) - 10. Let w be (86/(-3))/(4/(-6)). Let u = l - w. List the prime factors of u.
2, 3
Let h(q) = -2*q**3 + 40*q**2 + 39*q + 18. Let c be h(28). List the prime factors of 18/63 + c/(-14) + -2.
5, 163
Suppose 3*p - 3*t = 2*t - 81, -5*p - 2*t = 166. Let s = p - -180. What are the prime factors of s?
2, 37
Let y be (8/36 - 1230/(-54)) + -6. Suppose -128 = 9*c - y*c. What are the prime factors of c?
2
Suppose -3*n - 132 = 3*o, 4*n - 97 = 5*o - 2*o. What are the prime factors of (-309)/(-2)*(o/(-9) - 3)?
2, 103
Let u = -4913 + 24744. What are the prime factors of u?
7, 2833
Let n(x) = -3*x**3 + x**2 + 3*x - 4. Let g be (-4)/(-3)*(-30)/20. Let j be n(g). Suppose j*q = 13*q + 200. What are the prime factors of q?
2, 5
Let l(h) = -2*h - 30. Let q(i) = -29*i + 6. Let j be q(1). Let c be l(j). Let b = c - -112. What are the prime factors of b?
2
Suppose 7*s - 22*s - 10*s + 221050 = 0. What are the prime factors of s?
2, 4421
Suppose 0*u = -3*u - 30. Let o be (108/(-30))/((-3)/u). List the prime factors of 2/o + (-3534)/(-36).
2, 7
Suppose 0 = -p + n - 20, -p - 7 = -4*n + 10. Let u be (-1 - -1*10)*(-7)/p. Suppose 3*s + u*i = 291, 3*s = -s - 5*i + 392. What are the prime factors of s?
3, 31
Suppose x = 0, 0 = l + 10*x - 12*x - 5. List the prime factors of 371*(l + -4)/1.
7, 53
Let l(z) = 8 - 32*z - 18*z + 120 - 22*z**3 + 24*z**2 + 23*z**3. List the prime factors of l(-26).
2, 19
Let n(k) = -19 + k + k**2 + 3 - 33 - 4*k. Let f be n(-6). Suppose -2*b + 5*m = -181, -f*b + 3*m + 146 + 316 = 0. List the prime factors of b.
3, 31
Let b(k) = 15*k - 148. Let l be b(24). Suppose 0 = -4*y - f + 3708, 0 = -y - f + 718 + l. List the prime factors of y.
2, 463
Let m = -22 + 36. Let s be 94*(m/4 + -1 + -3). Let r = s + 127. What are the prime factors of r?
2, 5
Let t(a) = 2*a**2 + 38*a - 29. Let u be t(-20). Let d = 34 - u. List the prime factors of d + 4 + 3 + -3.
3
Let y(i) = 24 + 0*i**2 - 2 - 2*i**2 + 18*i. Let s(u) = -2*u**2 + 17*u + 22. Let k(n) = -3*s(n) + 2*y(n). List the prime factors of k(12).
2, 43
List the prime factors of (-8)/(-96) + 5282*(-138)/(-144).
2, 2531
Suppose -5*m = -3*i - 148 + 29, -164 = 3*i + 4*m. Let w = -27 - i. Suppose -5*d + 341 = w. List the prime factors of d.
2
What are the prime factors of -25 + 55197 - (14 + 1)?
19, 2903
Suppose -269*f + 265*f - 1049 = -s, -2*s + 3*f + 2133 = 0. List the prime factors of s.
3, 359
Let w = 949 - -6967. What are the prime factors of w?
2, 1979
Suppose 0 = 585*p - 590*p. Suppose 18*g - 55*g + 9805 = p. List the prime factors of g.
5, 53
Let w = 24 + -10. Suppose 6*v + 2560 = w*v. List the prime factors of v.
2, 5
List the prime factors of (-1 - 18/(-4))/((-17)/(-17068)).
2, 7, 251
Let s = -11 + 13. Suppose s*k - w = 826 - 204, k + 4*w - 329 = 0. Suppose -6*j + j + 4*r + k = 0, 0 = -2*j + 5*r + 115. What are the prime factors of j?
5, 13
Let q(p) = 2*p**3 - 32*p**2 - 287*p + 53. List the prime factors of q(30).
11, 17, 89
Suppose -4*y - 3036 = -6*j, -2*j - 10*y + 7*y = -986. What are the prime factors of j?
2, 251
Let b(s) = -22*s - 24. Suppose -25 = -5*m, -2*m + 7*m = 2*q + 7. Suppose 2 = -q*v - 43. What are the prime factors of b(v)?
2, 43
Suppose -4*d = -4*z + 24, -6*z + 5*d + 18 = -7*z. Suppose 2*j + z*j = 1860. What are the prime factors of j?
3, 5, 31
List the prime factors of (42836/16)/((-22)/(-88)).
10709
Suppose -321387 + 121561 = -31*a. What are the prime factors of a?
2